f(7). Let j = 22 + c. What is the tens digit of (63/(-6))/(j/(-8))?
1
Suppose 4*r = 4*j - 2*j + 8, 4*r = -3*j - 2. Let z = r + -1. Suppose 0 = 4*l - z*l + 5*m - 87, 33 = l - m. What is the units digit of l?
8
Let k = -21 + 29. Let c(h) = -2*h + 12. Let y be c(k). Let t(v) = v**3 + 4*v**2 - 4*v + 4. What is the tens digit of t(y)?
2
What is the hundreds digit of (-7 - 1) + (-3 - -5417) + 7?
4
Let y(a) = -101*a + 67. What is the tens digit of y(-24)?
9
Suppose -5*o = -12*o + 511. Let q = -7 + 10. Suppose q*b + 54 = 3*l - 0*l, 4*l - 3*b = o. What is the units digit of l?
9
Let c be (3/(-6))/(3/6). Let t = c - -4. Suppose -q + 96 = t*q. What is the tens digit of q?
2
Let o be -9*1*(-10)/45. Suppose 18 - 26 = -o*a. Suppose 0 = -4*v - 2*s + 194, a*s + 5 + 7 = 0. What is the tens digit of v?
5
Suppose -33*t - 7225 = -42337. What is the thousands digit of t?
1
Let z(b) = 4*b - b - 4*b. Suppose -j - 12 = 22*w - 19*w, -38 = 4*j + 2*w. What is the units digit of z(j)?
9
Let w(m) = m - 9. Let d be w(5). Let v be 4805/10 + 2/d. What is the units digit of (-1 + -2)/((-45)/v)?
2
Let p(c) = -c**3 + 14*c**2 + 2*c. Let v be p(14). Suppose -6*z + 8 = -v. What is the units digit of 4 - (z - 0) - -57?
5
Suppose 584 = 4*v + 2*m - m, 146 = v + 4*m. What is the hundreds digit of v?
1
Let c = 753 - 416. What is the hundreds digit of c?
3
Let h(f) = -f**2 + 8*f + 2. Let s be 156/21 - 16/(-28). Let p be h(s). Suppose -5*v - 40 = -p*w, v + 80 = 5*w - w. What is the tens digit of w?
2
Suppose o = -5*r - 3*o - 330, 5*r + 305 = o. Let c = r - -44. Let p = 32 + c. What is the units digit of p?
4
What is the thousands digit of 4903 - 9*12/9?
4
Suppose -5*t = 3*t + 184. Let b(c) = -4*c - 47. What is the tens digit of b(t)?
4
Suppose -4*k + k + 21 = 0. Suppose -3*p + 773 = -k. What is the hundreds digit of p?
2
Let i = -2 - -13. Suppose 2*a - 4 = b, -5*a = -i + 1. Suppose -2*q - 10 = 0, b = g - q - 3*q - 45. What is the tens digit of g?
2
Suppose 0 = 5*o - 2063 - 17. What is the hundreds digit of o?
4
What is the hundreds digit of 6/10 - (-28809)/135?
2
Suppose -h - 657 = -995. What is the hundreds digit of h?
3
Suppose 2771 = s - 5*j, -3*j + 1201 = 2*s - 4354. What is the thousands digit of s?
2
Let n be 1 - 3/(6/(-58)). Let j be n + (-3 - (-9 + 4)). What is the units digit of -2*(-1)/2 + j?
3
Let p(z) = 3*z**2 - 2*z + 7. Let w be p(5). Suppose 3*s + 0*s = w. Suppose 3*j - s = -3*q, 2*q + 3*j - 3 = 8. What is the units digit of q?
3
Suppose 13*r - 1320 = 9*r. What is the units digit of ((-4)/5)/((-6)/r)?
4
What is the thousands digit of (-2)/7 - 469134/(-469)?
1
Let k(b) = b**2 + 6*b + 5. Let a be (3 + 2)/5*-26. Let l = -21 - a. What is the tens digit of k(l)?
6
What is the units digit of (120/(-14))/((-81)/10962)?
0
Let w(m) = 10*m**3 + 4*m**2 - 4*m - 33. What is the thousands digit of w(6)?
2
Suppose 3*z = -5 - 25. Let i(f) = -f**3 - 9*f**2 + f + 7. What is the tens digit of i(z)?
9
Suppose -4*z = -3*q - 2408, -z + q + 602 = -0*z. Suppose -n - 6*n = -z. What is the tens digit of n?
8
Let k be 1/(-1)*1 - -4. What is the tens digit of ((-39)/12)/((-83)/(-28) - k)?
9
Let q(n) = -n**2 + 4*n - 3. Let y be q(3). Suppose 4*l - 468 = 4*h - y*h, 0 = 2*l - 4*h - 224. What is the hundreds digit of l?
1
Let v(n) = 2*n**2 + 11*n - 25. Suppose 3*g - 3*z + 24 = 0, g + 4*g + 4*z = -85. What is the hundreds digit of v(g)?
1
Let g = 31 + -28. Suppose -g*s + 5*d + 460 = 0, -2*d - 300 = -2*s + 3*d. What is the hundreds digit of s?
1
Let d(o) = -o**2 - 11*o - 8. Let y be d(-10). Let g be ((-12)/18)/(y/9). Let z(x) = -3*x - 2. What is the units digit of z(g)?
7
Let j(c) = c**3 - 3*c**2 - 4*c + 4. Let q be j(3). Let o(d) be the first derivative of d**3/3 + 2*d**2 - 18*d + 11. What is the units digit of o(q)?
4
Let f = 21 + -17. Suppose 0 = -s + 2*s + f. What is the units digit of (-6)/s*70/3?
5
Let w be (5 - 7)/(2/(-47)). Let n = -78 + w. Let u = 13 - n. What is the tens digit of u?
4
Suppose -5*l + 41 + 94 = 0. Suppose -l = -5*s + 4*u, s - 12 = 2*u + u. Suppose 2*p + 99 = z + 2*z, -99 = -s*z + 3*p. What is the units digit of z?
3
Suppose -q = -4*l - 4*q + 3997, 2997 = 3*l + 2*q. What is the tens digit of l?
9
What is the units digit of ((-84)/105)/(6/45) + 1802?
6
Let p(q) = q**2 + 7*q + 8. Let h be p(-6). What is the hundreds digit of (-4)/h + 141 + 2?
1
Let p(b) be the first derivative of b**4/2 + 6*b**3 + 7*b**2 - 12*b + 2. What is the tens digit of p(-7)?
8
Let f(k) = -2*k**2 - 12*k - 4. Let v be f(-9). Let s = 8 - v. What is the units digit of s?
6
Let q(n) = -n + 12. Let u be q(8). Let z be ((-12)/8)/(-3)*u. Suppose 2*c = -5*i + 55, -5*c + z*i = -0*i - 152. What is the units digit of c?
0
Let u(b) = 100*b - 44. Let z be (0 - 0) + (-2 - 1)*-1. What is the hundreds digit of u(z)?
2
Suppose 0 = -4*r - 2*c - 20, 2*r - 4*c = -c - 10. Let j be 3/(-2) - (13 + 531/(-18)). Let v = j - r. What is the tens digit of v?
2
Suppose 482 = 4*a - 598. Let i = a - 147. What is the units digit of i?
3
Let h(n) = n**3 + 14*n**2 + 15*n + 12. What is the units digit of h(-8)?
6
Let h = 6 + -6. Suppose 2*g + 3*v - 444 = h, -2*g - 3*v - 636 = -5*g. What is the units digit of g?
6
Let c(g) = g. Let m(j) = j. Let w(y) = -5*c(y) + 4*m(y). Let p(t) = 17*t - 2. Let x(h) = p(h) - 4*w(h). What is the tens digit of x(2)?
4
Suppose 4*l - 321 + 29 = 0. What is the units digit of l?
3
What is the tens digit of (-3)/4 + 1950/8?
4
Let p be (3/2)/((-12)/128). Let t be (-59)/(-2) + 8/p. What is the units digit of (0 + t)/(6/12)?
8
Let g = -396 - -608. Suppose 43*w = 47*w - g. What is the tens digit of w?
5
What is the thousands digit of (20445/261)/(1/15)?
1
Suppose -442 = -7*f + 370. What is the tens digit of f?
1
Let u = -20 - -128. Suppose 2*y - 5*q = 37, 5*y - 16 = 2*q + u. Suppose 3*t - 2*t = -c + y, -c + t = -20. What is the tens digit of c?
2
Let y(r) = r**3 - 6*r**2 + 3*r - 9. Let m be y(6). Suppose -5*a + 4 = m. What is the units digit of a/2 - 5/(-2)?
2
Suppose 26*v - 665 = 21*v. What is the units digit of v?
3
Let k be (-1)/(57/30 - 2). Let n = k - 4. What is the tens digit of 57*((-2)/n)/(-1)?
1
Suppose 0 = -3*d - 3*d + 2478. Suppose 220 = z - 4*m, 0*z = -2*z - m + d. Let r = z + -145. What is the tens digit of r?
6
Let u = -511 - -1092. What is the hundreds digit of u?
5
Let k be (-1)/(-2 + (-10)/(-6)). Suppose 8 = -4*q, 2*u - 6 = k*q + 6. Suppose -u*o + 21 = -c, 21 = 2*o + o + 4*c. What is the units digit of o?
7
Let d(b) = b**3 + 24*b**2 + 39*b + 137. What is the hundreds digit of d(-22)?
2
Suppose -2908 = -7*k + 3861. What is the hundreds digit of k?
9
Suppose -s = 5*t - 3 - 2, 4*s + 4 = 4*t. Suppose 2*v = 2*w + 3 + 1, s = -v - 5*w - 16. Let f(j) = 19*j**2 - 1. What is the units digit of f(v)?
8
Let k = -77 + 227. What is the hundreds digit of k?
1
Suppose -3*l + z = 1, 2*l + 2 = 5*z - 3. Let j be -3 + l + (-108)/(-6). Suppose h - j = -0*h. What is the units digit of h?
5
Let d(u) be the third derivative of u**4/12 - 5*u**3/3 + 4*u**2. Let v be d(7). Suppose -36 = -2*m - v*n, 2*m - 6*m = 2*n - 90. What is the tens digit of m?
2
Suppose 3*n + 5299 = 3*z + 8*n, 2*n - 7042 = -4*z. What is the thousands digit of z?
1
Suppose 44*l + 65 = 49*l. What is the tens digit of (-14 + l)*-1*181?
8
Suppose 108*n = 117*n - 1125. What is the tens digit of n?
2
Let v(y) = -45*y + 57. What is the hundreds digit of v(-3)?
1
Suppose -5*h + 299 = 4*u, 3*h + 21 = -5*u + 411. Let i = u - 139. Let z = 105 + i. What is the units digit of z?
7
Let s = 10380 - 5486. What is the units digit of s?
4
Suppose 5*y - 48 - 27 = 0. Let l be y/(-6)*12/(-15). Suppose -k - 38 = -l*k. What is the tens digit of k?
3
Suppose 0 = 123*c - 122*c - 590. What is the tens digit of c?
9
What is the thousands digit of 2*(528 - 9 - 0)?
1
Let i(k) = 15*k + 19. Let f(g) = 8*g + 10. Let p(v) = -5*f(v) + 3*i(v). What is the tens digit of p(11)?
6
Suppose 3*n = -120 - 6. Let p = 12 + n. Let l = -19 - p. What is the units digit of l?
1
What is the tens digit of 9390/22 + (-78)/(-429)?
2
Let v(d) = d**3 - 18*d**2 - 46*d - 26. What is the tens digit of v(21)?
3
Suppose 0 = -5*l - 5*i + 55, -5*i = -3*l - 1 + 10. Let h = 11 - l. Suppose -7*z = -h*z - 180. What is the units digit of z?
5
Let k be (21/(-14))/((-1)/44). Let d be 12/k - 390/(-33). Suppose -m = u + 2*u - 73